{"id":283,"date":"2020-06-29T21:16:12","date_gmt":"2020-06-29T19:16:12","guid":{"rendered":"https:\/\/www.edific.be\/?page_id=283"},"modified":"2020-08-25T15:34:54","modified_gmt":"2020-08-25T13:34:54","slug":"services","status":"publish","type":"page","link":"https:\/\/www.edific.be\/fr\/services\/","title":{"rendered":"Services"},"content":{"rendered":"\n\n<div class=\"growl-component-intro\">\n    \n<section class='growl-component-section growl-component-section--margin-150px '>\n\t            <h1 class=\"growl-component-intro__title\"><\/h1>\n            <p class=\"growl-component-intro__description\"><\/p>\n        <\/section>\n \n<\/div>\n\n\n\n<div class=\"growl-component-intro\">\n    \n<section class='growl-component-section growl-component-section--margin-150px '>\n\t            <h1 class=\"growl-component-intro__title\"><strong>Nous d\u00e9chargeons<\/strong>  nos clients de leurs soucis\n<\/h1>\n            <p class=\"growl-component-intro__description\">Chaque projet de construction repr\u00e9sente une lourde responsabilit\u00e9. Nous sommes une entreprise belge de sous-traitance, et nous venons donc en appui \u00e0 nos clients priv\u00e9s et professionnels en affectant nos professionnels exp\u00e9riment\u00e9s au bon poste de travail ou en compl\u00e9tant efficacement les \u00e9quipes existantes avec nos propres ouvriers. De plus, nous serons heureux de coordonner les travaux de A \u00e0 Z. Nous faisons cela aussi bien pour les particuliers que pour l&rsquo;industrie. Vous obtenez ainsi un r\u00e9sultat qualitatif \u00e0 un prix int\u00e9ressant, le tout sans souci !<\/p>\n        <\/section>\n \n<\/div>\n\n\n<div class=\"growl-component-list\">\n\t\n<section class='growl-component-section growl-component-section--margin-150px '>\n\t\t\t\t<div class=\"growl-component-list__wrapper\">\n\t\t\t\t<h3 class=\"growl-component-list__title\">Ce que nous proposons<\/h3>\n\t\t\t\t<ul class=\"growl-component-list__list\">\n\t\t\t\t\t\t\t\t\t\t\t<li class=\"growl-component-list__element\">\n\t\t\t\t\t\t\t<i class=\"far fa-check\"><\/i>\n\t\t\t\t\t\t\tCurage de b\u00e2timents<\/li>\n\t\t\t\t\t\t\t\t\t\t\t<li class=\"growl-component-list__element\">\n\t\t\t\t\t\t\t<i class=\"far fa-check\"><\/i>\n\t\t\t\t\t\t\tTravaux g\u00e9n\u00e9raux de d\u00e9molition<\/li>\n\t\t\t\t\t\t\t\t\t\t\t<li class=\"growl-component-list__element\">\n\t\t\t\t\t\t\t<i class=\"far fa-check\"><\/i>\n\t\t\t\t\t\t\tTerrassements, travaux de fondation<\/li>\n\t\t\t\t\t\t\t\t\t\t\t<li class=\"growl-component-list__element\">\n\t\t\t\t\t\t\t<i class=\"far fa-check\"><\/i>\n\t\t\t\t\t\t\tFerraillages, coffrage<\/li>\n\t\t\t\t\t\t\t\t\t\t\t<li class=\"growl-component-list__element\">\n\t\t\t\t\t\t\t<i class=\"far fa-check\"><\/i>\n\t\t\t\t\t\t\tOuvrages en b\u00e9ton et pr\u00e9fabriqu\u00e9s<\/li>\n\t\t\t\t\t\t\t\t\t\t\t<li class=\"growl-component-list__element\">\n\t\t\t\t\t\t\t<i class=\"far fa-check\"><\/i>\n\t\t\t\t\t\t\tMa\u00e7onnerie (traditionnelle, coll\u00e9e, moellons\u2026)<\/li>\n\t\t\t\t\t\t\t\t\t<\/ul>\n\t\t\t<\/div>\n\t\t<\/section>\n<\/div>\n\n\n\n<div class=\"growl-component-three-boxes\">\n\t\n<section class='growl-component-section growl-component-section--margin-150px '>\n\t\t\t\t<div class=\"growl-component-three-boxes__wrapper\">\n\t\t\t\t\t\t\t\t\t\n\t\t\t\t\t\n\t\t\t\t\t\n\t\t\t\t\t<div class=\"growl-component-three-boxes__box\">\n\t\t\t\t\t\t<i class=\"fal fa-user-hard-hat growl-component-three-boxes__icon\"><\/i>\n\t\t\t\t\t\t<h5 class=\"growl-component-three-boxes__title\">Mise \u00e0 disposition d\u2019employ\u00e9s qualifi\u00e9s<\/h5>\n\t\t\t\t\t\t<p class=\"growl-component-three-boxes__description\">Nous connaissons nos employ\u00e9s sur le bout des doigts et pouvons fournir les bons professionnels pour chaque projet. Parce que nous disposons d\u2019un large \u00e9ventail d\u2019experts, nous pouvons toujours fournir les professionnels les plus qualifi\u00e9s pour chaque mission.<\/p>\n\t\t\t\t\t\t<ul class=\"growl-component-three-boxes__list\">\n\t\t\t\t\t\t\t\t\t\t\t\t\t\t\t<li class=\"growl-component-three-boxes__element\">\n\t\t\t\t\t\t\t\t\t<i class=\"far fa-check\"><\/i>\n\t\t\t\t\t\t\t\t\tConnaissances et exp\u00e9rience professionnelle\n\t\t\t\t\t\t\t\t<\/li>\n\t\t\t\t\t\t\t\t\t\t\t\t\t\t\t<li class=\"growl-component-three-boxes__element\">\n\t\t\t\t\t\t\t\t\t<i class=\"far fa-check\"><\/i>\n\t\t\t\t\t\t\t\t\tSavoir-faire garanti\n\t\t\t\t\t\t\t\t<\/li>\n\t\t\t\t\t\t\t\t\t\t\t\t\t<\/ul>\n\t\t\t\t\t<\/div>\n\t\t\t\t\t\t\t\t\t\n\t\t\t\t\t\t\t\t\t\t\t\t\t\t\t\t\n\t\t\t\t\t\n\t\t\t\t\t<div class=\"growl-component-three-boxes__box\">\n\t\t\t\t\t\t<i class=\"fal fa-cogs growl-component-three-boxes__icon\"><\/i>\n\t\t\t\t\t\t<h5 class=\"growl-component-three-boxes__title\">Int\u00e9gration \u00e0 votre administration<\/h5>\n\t\t\t\t\t\t<p class=\"growl-component-three-boxes__description\">Nous int\u00e9grons notre service \u00e0 l\u2019administration de nos clients. Vous aurez ainsi un aper\u00e7u clair de vos effectifs et de leurs activit\u00e9s gr\u00e2ce \u00e0 vos outils et processus habituels. De cette fa\u00e7on, nous vous \u00e9pargnons quantit\u00e9 de travail administratif suppl\u00e9mentaire.<\/p>\n\t\t\t\t\t\t<ul class=\"growl-component-three-boxes__list\">\n\t\t\t\t\t\t\t\t\t\t\t\t\t\t\t<li class=\"growl-component-three-boxes__element\">\n\t\t\t\t\t\t\t\t\t<i class=\"far fa-check\"><\/i>\n\t\t\t\t\t\t\t\t\tAucun travail administratif suppl\u00e9mentaire\n\t\t\t\t\t\t\t\t<\/li>\n\t\t\t\t\t\t\t\t\t\t\t\t\t\t\t<li class=\"growl-component-three-boxes__element\">\n\t\t\t\t\t\t\t\t\t<i class=\"far fa-check\"><\/i>\n\t\t\t\t\t\t\t\t\tOutils et processus existants\n\t\t\t\t\t\t\t\t<\/li>\n\t\t\t\t\t\t\t\t\t\t\t\t\t<\/ul>\n\t\t\t\t\t<\/div>\n\t\t\t\t\t\t\t\t\t\n\t\t\t\t\t\n\t\t\t\t\t\t\t\t\t\t\t\t\t\t\t\t\n\t\t\t\t\t<div class=\"growl-component-three-boxes__box\">\n\t\t\t\t\t\t<i class=\"fal fa-users growl-component-three-boxes__icon\"><\/i>\n\t\t\t\t\t\t<h5 class=\"growl-component-three-boxes__title\">Pr\u00e9sentation d\u2019\u00e9quipes diversifi\u00e9es<\/h5>\n\t\t\t\t\t\t<p class=\"growl-component-three-boxes__description\">Nous mettons sur pied l\u2019\u00e9quipe parfaite pour vous et pour votre projet, et ceci de mani\u00e8re flexible. Nos \u00e9quipes sont comp\u00e9tentes et compl\u00e9mentaires. Il est en outre tr\u00e8s simple des les modifier en fonction de vos pr\u00e9f\u00e9rences. Cela nous permet de nous adapter efficacement \u00e0 tout projet.<\/p>\n\t\t\t\t\t\t<ul class=\"growl-component-three-boxes__list\">\n\t\t\t\t\t\t\t\t\t\t\t\t\t\t\t<li class=\"growl-component-three-boxes__element\">\n\t\t\t\t\t\t\t\t\t<i class=\"far fa-check\"><\/i>\n\t\t\t\t\t\t\t\t\tDes \u00e9quipes flexibles\n\t\t\t\t\t\t\t\t<\/li>\n\t\t\t\t\t\t\t\t\t\t\t\t\t\t\t<li class=\"growl-component-three-boxes__element\">\n\t\t\t\t\t\t\t\t\t<i class=\"far fa-check\"><\/i>\n\t\t\t\t\t\t\t\t\tFaciles \u00e0 modifier\n\t\t\t\t\t\t\t\t<\/li>\n\t\t\t\t\t\t\t\t\t\t\t\t\t<\/ul>\n\t\t\t\t\t<\/div>\n\t\t\t\t\t\t\t<\/div>\n\t\t<\/section>\n<\/div>\n\n\n\n<div class=\"growl-component-content-with-visual\">\n\t\n<section class='growl-component-section growl-component-section--margin-150px '>\n\t\t\t\t<div class=\"growl-component-content-with-visual__wrapper growl-component-content-with-visual__wrapper--background \">\n\t\t\t\t<div class=\"growl-component-content-with-visual__photo\" style=\"background-image: url(https://cdn.edific.be/fr/https:\/\/cdn.edific.be\/wp-content\/uploads\/diensten-1.jpg)\"><\/div>\n\t\t\t\t<div class=\"growl-component-content-with-visual__content\">\n\t\t\t\t\t<div class=\"growl-component-content-with-visual__inside\">\n\t\t\t\t\t\t<h5 class=\"growl-component-content-with-visual__title\">Certification VCA<\/h5>\n\t\t\t\t\t\t<p class=\"growl-component-content-with-visual__description\">Edific est certifi\u00e9 VCA*. Cela montre \u00e0 quel point nous attachons de l\u2019importance \u00e0 ce que notre entreprise r\u00e9ponde \u00e0 toutes les exigences de s\u00e9curit\u00e9. De plus, la plupart des ouvriers disposent d\u2019un certificat VCA et tous les chefs de projet ont un certificat VCA pour cadres. Nous souhaitons ainsi garantir la s\u00e9curit\u00e9 et la sant\u00e9 de tous nos employ\u00e9s ainsi que de leur environnement. <\/p>\n\t\t\t\t\t\t\t\t\t\t\t\t\t\n<a href='https:\/\/www.edific.be\/vca\/' class='growl-component-button' role=\"button\">\n\t\t\tPlus d\u2019informations \n\t<\/a>\n\t\t\t\t\t\t\t\t\t\t\t<\/div>\n\t\t\t\t<\/div>\n\t\t\t<\/div>\n\t\t<\/section>\n<\/div>\n","protected":false},"excerpt":{"rendered":"","protected":false},"author":3,"featured_media":0,"parent":0,"menu_order":0,"comment_status":"closed","ping_status":"closed","template":"","meta":{"_acf_changed":false,"_seopress_robots_primary_cat":"","_seopress_titles_title":"","_seopress_titles_desc":"","_seopress_robots_index":"","footnotes":""},"class_list":["post-283","page","type-page","status-publish","hentry"],"acf":[],"_links":{"self":[{"href":"https:\/\/www.edific.be\/fr\/wp-json\/wp\/v2\/pages\/283","targetHints":{"allow":["GET"]}}],"collection":[{"href":"https:\/\/www.edific.be\/fr\/wp-json\/wp\/v2\/pages"}],"about":[{"href":"https:\/\/www.edific.be\/fr\/wp-json\/wp\/v2\/types\/page"}],"author":[{"embeddable":true,"href":"https:\/\/www.edific.be\/fr\/wp-json\/wp\/v2\/users\/3"}],"replies":[{"embeddable":true,"href":"https:\/\/www.edific.be\/fr\/wp-json\/wp\/v2\/comments?post=283"}],"version-history":[{"count":6,"href":"https:\/\/www.edific.be\/fr\/wp-json\/wp\/v2\/pages\/283\/revisions"}],"predecessor-version":[{"id":482,"href":"https:\/\/www.edific.be\/fr\/wp-json\/wp\/v2\/pages\/283\/revisions\/482"}],"wp:attachment":[{"href":"https:\/\/www.edific.be\/fr\/wp-json\/wp\/v2\/media?parent=283"}],"curies":[{"name":"wp","href":"https:\/\/api.w.org\/{rel}","templated":true}]}}

<div class="growl-component-intro">
    
<section class='growl-component-section growl-component-section--margin-150px '>
	            <h1 class="growl-component-intro__title"></h1>
            <p class="growl-component-intro__description"></p>
        </section>
 
</div>



<div class="growl-component-intro">
    
<section class='growl-component-section growl-component-section--margin-150px '>
	            <h1 class="growl-component-intro__title"><strong>Nous déchargeons</strong>  nos clients de leurs soucis
</h1>
            <p class="growl-component-intro__description">Chaque projet de construction représente une lourde responsabilité. Nous sommes une entreprise belge de sous-traitance, et nous venons donc en appui à nos clients privés et professionnels en affectant nos professionnels expérimentés au bon poste de travail ou en complétant efficacement les équipes existantes avec nos propres ouvriers. De plus, nous serons heureux de coordonner les travaux de A à Z. Nous faisons cela aussi bien pour les particuliers que pour l&rsquo;industrie. Vous obtenez ainsi un résultat qualitatif à un prix intéressant, le tout sans souci !</p>
        </section>
 
</div>


<div class="growl-component-list">
	
<section class='growl-component-section growl-component-section--margin-150px '>
				<div class="growl-component-list__wrapper">
				<h3 class="growl-component-list__title">Ce que nous proposons</h3>
				<ul class="growl-component-list__list">
											<li class="growl-component-list__element">
							<i class="far fa-check"></i>
							Curage de bâtiments</li>
											<li class="growl-component-list__element">
							<i class="far fa-check"></i>
							Travaux généraux de démolition</li>
											<li class="growl-component-list__element">
							<i class="far fa-check"></i>
							Terrassements, travaux de fondation</li>
											<li class="growl-component-list__element">
							<i class="far fa-check"></i>
							Ferraillages, coffrage</li>
											<li class="growl-component-list__element">
							<i class="far fa-check"></i>
							Ouvrages en béton et préfabriqués</li>
											<li class="growl-component-list__element">
							<i class="far fa-check"></i>
							Maçonnerie (traditionnelle, collée, moellons…)</li>
									</ul>
			</div>
		</section>
</div>



<div class="growl-component-three-boxes">
	
<section class='growl-component-section growl-component-section--margin-150px '>
				<div class="growl-component-three-boxes__wrapper">
									
					
					
					<div class="growl-component-three-boxes__box">
						<i class="fal fa-user-hard-hat growl-component-three-boxes__icon"></i>
						<h5 class="growl-component-three-boxes__title">Mise à disposition d’employés qualifiés</h5>
						<p class="growl-component-three-boxes__description">Nous connaissons nos employés sur le bout des doigts et pouvons fournir les bons professionnels pour chaque projet. Parce que nous disposons d’un large éventail d’experts, nous pouvons toujours fournir les professionnels les plus qualifiés pour chaque mission.</p>
						<ul class="growl-component-three-boxes__list">
															<li class="growl-component-three-boxes__element">
									<i class="far fa-check"></i>
									Connaissances et expérience professionnelle
								</li>
															<li class="growl-component-three-boxes__element">
									<i class="far fa-check"></i>
									Savoir-faire garanti
								</li>
													</ul>
					</div>
									
																
					
					<div class="growl-component-three-boxes__box">
						<i class="fal fa-cogs growl-component-three-boxes__icon"></i>
						<h5 class="growl-component-three-boxes__title">Intégration à votre administration</h5>
						<p class="growl-component-three-boxes__description">Nous intégrons notre service à l’administration de nos clients. Vous aurez ainsi un aperçu clair de vos effectifs et de leurs activités grâce à vos outils et processus habituels. De cette façon, nous vous épargnons quantité de travail administratif supplémentaire.</p>
						<ul class="growl-component-three-boxes__list">
															<li class="growl-component-three-boxes__element">
									<i class="far fa-check"></i>
									Aucun travail administratif supplémentaire
								</li>
															<li class="growl-component-three-boxes__element">
									<i class="far fa-check"></i>
									Outils et processus existants
								</li>
													</ul>
					</div>
									
					
																
					<div class="growl-component-three-boxes__box">
						<i class="fal fa-users growl-component-three-boxes__icon"></i>
						<h5 class="growl-component-three-boxes__title">Présentation d’équipes diversifiées</h5>
						<p class="growl-component-three-boxes__description">Nous mettons sur pied l’équipe parfaite pour vous et pour votre projet, et ceci de manière flexible. Nos équipes sont compétentes et complémentaires. Il est en outre très simple des les modifier en fonction de vos préférences. Cela nous permet de nous adapter efficacement à tout projet.</p>
						<ul class="growl-component-three-boxes__list">
															<li class="growl-component-three-boxes__element">
									<i class="far fa-check"></i>
									Des équipes flexibles
								</li>
															<li class="growl-component-three-boxes__element">
									<i class="far fa-check"></i>
									Faciles à modifier
								</li>
													</ul>
					</div>
							</div>
		</section>
</div>



<div class="growl-component-content-with-visual">
	
<section class='growl-component-section growl-component-section--margin-150px '>
				<div class="growl-component-content-with-visual__wrapper growl-component-content-with-visual__wrapper--background ">
				<div class="growl-component-content-with-visual__photo" style="background-image: url(https://cdn.edific.be/fr/https://cdn.edific.be/wp-content/uploads/diensten-1.jpg)"></div>
				<div class="growl-component-content-with-visual__content">
					<div class="growl-component-content-with-visual__inside">
						<h5 class="growl-component-content-with-visual__title">Certification VCA</h5>
						<p class="growl-component-content-with-visual__description">Edific est certifié VCA*. Cela montre à quel point nous attachons de l’importance à ce que notre entreprise réponde à toutes les exigences de sécurité. De plus, la plupart des ouvriers disposent d’un certificat VCA et tous les chefs de projet ont un certificat VCA pour cadres. Nous souhaitons ainsi garantir la sécurité et la santé de tous nos employés ainsi que de leur environnement. </p>
													
<a href='https://www.edific.be/vca/' class='growl-component-button' role="button">
			Plus d’informations 
	</a>
											</div>
				</div>
			</div>
		</section>
</div>
